te the greatest common divisor of 572 and r.
4
Suppose 0 = 5*m + 2*r - 604, -3*r - 334 = -5*m + 260. Let g = -16 + 40. What is the greatest common factor of m and g?
24
Suppose 2*k + 62 = -d, -66 = 6*k - 4*k + 3*d. Let y be (-2)/2 + 3 + (3 - k). Suppose 35 = 4*u + 3*u. What is the greatest common divisor of u and y?
5
Suppose 8*t - 125*t + 2265494 = -40*t. Calculate the greatest common factor of t and 94.
94
Let l(c) = 89*c - c**3 + 103*c + 6*c**2 + 31 - 313*c + 105*c + 12*c**2. Let u be l(17). Calculate the highest common divisor of 112 and u.
16
Let z(h) = -h**2 + 25*h - 10. Let d be (26/5 + -3)/((-3)/(-30)). Let m be z(d). Calculate the greatest common divisor of 7 and m.
7
Suppose -30 = 2*a - 4*a - 5*k, -2*a = -4*k + 6. Let q = 31 - 17. Suppose 4*b + q = a*b. What is the highest common factor of b and 28?
14
Suppose -8 = 2*f + 8. Let h = f - -14. Let x(c) = -24504*c + 294090. Let k be x(12). Calculate the highest common divisor of k and h.
6
Let u = -62 - -121. Let v = -714 + 665. Let c = v + u. Calculate the greatest common divisor of c and 70.
10
Let j = -249 + 283. Suppose 2*h - 167 = d, 0 = 3*h - 3*d - d - 243. What is the greatest common factor of j and h?
17
Let d(v) = 676*v - 6811. Let p be d(11). What is the highest common divisor of p and 5?
5
Let p = 18516 - 18447. What is the highest common divisor of p and 16629?
69
Suppose -19*a - 25 = -24*a, -t = -5*a + 20. Suppose -87 = -t*w - h, 21*h = 5*w + 20*h - 83. Calculate the highest common divisor of w and 119.
17
Let z be 40/(-20)*(-5)/(-2). Let a be (z/10)/((-2)/12). Suppose -6 = -4*n + p + a, -5*n - 4*p = -27. Calculate the highest common divisor of 6 and n.
3
Let h(x) = 27*x**2 - 8*x + 12. Let c be h(-8). Calculate the highest common factor of 44 and c.
44
Let p(y) = y**2 + 61*y + 33. Let w be p(-61). Calculate the greatest common factor of w and 2607.
33
Suppose 94*o - 85*o - 90 = 0. Suppose -14*i + o*i + 4*r = -3112, -2*i = -3*r - 1559. What is the highest common factor of 31 and i?
31
Let a be (-1815 + 139)/(3/(-30)). What is the highest common divisor of a and 40?
40
Suppose -3*a + 7*i = 2*i - 59, 2*a - 4*i = 40. Suppose b = -5 + a. Suppose -g + b = -14. What is the highest common divisor of g and 27?
27
Suppose 4*w = -4, 0 = 3*n + 7*w - 11*w - 208. Let u be (67 - -1)*1*(5 - -24). Calculate the greatest common factor of u and n.
68
Suppose -5*p + 1446 = 3*b, p + 5*b - 4*b - 290 = 0. Calculate the greatest common factor of 108 and p.
36
Let l be (-2)/(-3) + (-88)/(-3). Suppose 0 = 46*t - 4 - 1560. Suppose t + l = c. What is the greatest common divisor of 16 and c?
16
Let t(u) = -4*u + 1353. Let k be t(55). Calculate the highest common divisor of k and 206.
103
Let o = -49 + 53. Let t be (-10)/o*(148/(-20) + 5). Let x(f) = f + 6. Let s be x(-3). Calculate the highest common divisor of s and t.
3
Let p(o) = -27*o**2 + 70*o - 150. Let i(w) = 5*w**2 - 14*w + 30. Let m(h) = -11*i(h) - 2*p(h). Let v be m(3). What is the greatest common divisor of 39 and v?
3
Suppose 5*p - 54 = -3*t, 3*t = 4*p + 2*t - 50. Let x = 465 + -189. Calculate the greatest common divisor of p and x.
12
Let r be (4 - 60/5) + 10. Suppose -7*i = -r*i + 3*s - 19, i - 17 = -5*s. Calculate the highest common divisor of 74 and i.
2
Let m = -20 - -22. Let c(i) = 6*i**2. Let o be c(m). Calculate the greatest common factor of 32 and o.
8
Let n(x) = x**3 - 5*x**2 - 16*x + 72. Let t be n(8). Suppose -4*o = 11*j - 6*j - t, -2*o = 2. What is the highest common divisor of 756 and j?
28
Let j = -20465 + 20557. What is the greatest common factor of 16652 and j?
92
Let w(x) = 2*x**2 + 2*x - 2. Let s be w(6). Let m be 154/(22 - 8) - 7 - -37. Calculate the greatest common factor of m and s.
41
Let p be 7878/(-4 + 7) + (0 - 2). Calculate the greatest common divisor of 123 and p.
41
Suppose -7225 - 23976 = -213*d + 44840. What is the highest common factor of d and 1449?
21
Suppose -64*l + 162*l = -155*l + 33396. What is the greatest common factor of l and 1068?
12
Let y be (-1314)/(-1) + 4 + -4. Let s(z) = z**3 - 11*z**2 + 15*z - 32. Let x be s(10). Calculate the greatest common divisor of y and x.
18
Suppose -5*r - 5 = -2*v, -r + 0 - 27 = -3*v. Let d = 1067 + -927. What is the greatest common divisor of d and v?
10
Suppose -56*v = -54*v - 2. Let l(m) = m**2 + 1. Let u be l(v). Suppose -2*t + 32 = 2*n, u*n = t - 2*n - 36. What is the highest common factor of t and 10?
10
Suppose -2*q = 5*g - 34, 3*g + g + 5*q - 17 = 0. Suppose 4*o - 5 = 3*r - 4*r, 3*r + 13 = 2*o. Let d = g + r. Calculate the highest common factor of d and 35.
5
Let l = 82 - 75. Suppose 0 = 2*x - 6 + 2. Suppose x*m - 11*m + 504 = 0. Calculate the greatest common factor of l and m.
7
Let n be 1617/33 - (1 - 0). Let y be (1 + 3/6)*n. What is the highest common divisor of y and 1368?
72
Let r be 2160/126*(28/(-2))/(-2). Suppose 19*c - r = 89. Let x = 233 + -134. Calculate the highest common factor of c and x.
11
Let d(l) = 1526*l - 3324. Let b be d(15). Calculate the highest common divisor of 9 and b.
9
Let k = -214 + 3980. Calculate the greatest common divisor of 269 and k.
269
Suppose -989 = -33*r + 496. Calculate the greatest common factor of r and 19905.
15
Let q(m) = -m**3 + m**2 + m. Let s(u) = 22 - u + u + 6*u - 28 + 2*u**2. Let i(a) = q(a) + s(a). Let d be i(4). What is the greatest common factor of d and 21?
3
Suppose x + 16 = -4*s, 14*s - 128 = 5*x + 10*s. Let b = 19 - x. Calculate the greatest common factor of 688 and b.
43
Suppose -6*z + 32 = 8. Suppose 3*h + w = -2*w + 483, 0 = z*h - 5*w - 644. What is the greatest common factor of 23 and h?
23
Suppose -6*p + 272 + 220 = 0. Let w = p + -80. Let n(j) = -j**3 - 2*j**2 - 7. Let o be n(-3). What is the highest common divisor of w and o?
2
Let f(m) = m**2 - 12*m + 12. Let o be f(12). Suppose o*k = -4*k + 10192. What is the greatest common factor of 13 and k?
13
Let t = 7495 - 7390. Calculate the highest common divisor of t and 1245.
15
Let w be ((-1)/(-3))/(2*6/396). Suppose -5*b - 2*h = -41, -2*b + 4*b - w = h. What is the highest common divisor of 21 and b?
7
Let u = 8 - 635. Let d be -3 + (-2)/((-6)/9) - u. What is the greatest common factor of 57 and d?
57
Suppose 5*l - 1507 = -d, 0 = -4*l + 3*d + 831 + 348. What is the highest common factor of 7125 and l?
75
Let l(p) = 3*p - 7. Let j be l(-6). Let u = j + 36. Let d = -12002 - -12046. Calculate the greatest common divisor of u and d.
11
Let t = -441 + 1030. What is the greatest common divisor of 124 and t?
31
Let c be (-44)/(-12) - (-3)/9. Suppose -y = -c*a - 5 - 8, -5*y + 65 = -a. Let g = y - -148. What is the greatest common divisor of g and 23?
23
Let b(o) = o + 4. Let s be b(7). Suppose s*v - 2 = 9. Suppose -4*d + 3 = -v. What is the highest common divisor of d and 7?
1
Suppose -31 = 9*a - 21 - 19. What is the greatest common divisor of a and 91?
1
Let z(j) = 132*j**2 + 639*j + 7389. Let s be z(-12). What is the highest common divisor of 9 and s?
9
Let s(r) = 2*r**2 - 35*r - 25. Let m be s(19). Suppose -16*h = -m*h + 1120. What is the greatest common factor of h and 14?
14
Suppose 2*g = -4*i + 210, -4*i = 6*g - 3*g - 305. Let b be (-78)/(-8)*(-102 - 6)/9. Let t = 136 + b. What is the greatest common divisor of g and t?
19
Let h be (56/(-6))/((-30)/45). Suppose -266 = -9*b - h. What is the highest common divisor of 91 and b?
7
Suppose -5*z = -5*w + 93475, -41*z - 149518 = -8*w - 40*z. Calculate the highest common factor of 11 and w.
11
Let i be 44*(-18)/20*(-10)/(-12). Let b = 39 + i. Let z be (44/b)/(6/9). What is the highest common divisor of z and 11?
11
Let t = -7194 - -7458. Calculate the highest common divisor of 121 and t.
11
Suppose 2*c + 149 = 7*a - 6*a, -3*a = -2*c - 439. Let b = 11 + -31. Let q = a - b. What is the greatest common factor of 15 and q?
15
Suppose -4*q - 700 = -p, 2*q - p + 0*p + 350 = 0. Let z = q + 447. Calculate the greatest common factor of z and 102.
34
Suppose -4*h + 42 = 22. Suppose 0 = h*f - 2*n - 1, 0 = -0*n + n + 3. Let d be (1 - 6)/(f/2). Calculate the greatest common divisor of d and 40.
10
Let k = -34 - 102. Let q = k - -148. What is the greatest common factor of q and 56?
4
Let y(o) = -22*o**2 - 1461*o + 1414*o - o**3 - 15 - 2*o**2. Let f be y(-22). Calculate the greatest common divisor of 459 and f.
51
Let q